What is the units digit of 8942?
2
What is the thousands digit of 11953?
1
What is the units digit of 71?
1
What is the hundreds digit of 994?
9
What is the tens digit of 9624?
2
What is the tens digit of 775?
7
What is the ten thousands digit of 13263?
1
What is the tens digit of 1297?
9
What is the units digit of 299?
9
What is the tens digit of 44236?
3
What is the thousands digit of 2811?
2
What is the thousands digit of 92819?
2
What is the tens digit of 1226?
2
What is the hundreds digit of 24308?
3
What is the tens digit of 30702?
0
What is the thousands digit of 24902?
4
What is the hundreds digit of 9240?
2
What is the hundreds digit of 36247?
2
What is the tens digit of 15150?
5
What is the ten thousands digit of 48819?
4
What is the thousands digit of 2007?
2
What is the ten thousands digit of 47298?
4
What is the units digit of 101652?
2
What is the hundreds digit of 2322?
3
What is the hundreds digit of 6001?
0
What is the units digit of 37068?
8
What is the thousands digit of 24283?
4
What is the units digit of 95781?
1
What is the tens digit of 15816?
1
What is the units digit of 8839?
9
What is the tens digit of 7404?
0
What is the hundreds digit of 90886?
8
What is the units digit of 37?
7
What is the tens digit of 809?
0
What is the units digit of 1166?
6
What is the units digit of 7997?
7
What is the hundreds digit of 1441?
4
What is the thousands digit of 31540?
1
What is the thousands digit of 24414?
4
What is the thousands digit of 49329?
9
What is the units digit of 947?
7
What is the hundreds digit of 76550?
5
What is the units digit of 2074?
4
What is the tens digit of 1720?
2
What is the hundreds digit of 9883?
8
What is the hundreds digit of 900?
9
What is the units digit of 2324?
4
What is the hundred thousands digit of 123295?
1
What is the thousands digit of 14466?
4
What is the units digit of 6571?
1
What is the hundreds digit of 4205?
2
What is the tens digit of 130155?
5
What is the units digit of 2111?
1
What is the units digit of 520?
0
What is the tens digit of 103769?
6
What is the thousands digit of 6279?
6
What is the thousands digit of 1372?
1
What is the thousands digit of 9463?
9
What is the units digit of 324?
4
What is the units digit of 18248?
8
What is the tens digit of 13489?
8
What is the hundreds digit of 4100?
1
What is the hundreds digit of 1696?
6
What is the tens digit of 1020?
2
What is the tens digit of 425?
2
What is the thousands digit of 1698?
1
What is the units digit of 4469?
9
What is the ten thousands digit of 74502?
7
What is the hundreds digit of 63810?
8
What is the hundreds digit of 5369?
3
What is the tens digit of 1070?
7
What is the hundreds digit of 5843?
8
What is the tens digit of 16155?
5
What is the hundreds digit of 278?
2
What is the tens digit of 1507?
0
What is the hundreds digit of 34164?
1
What is the units digit of 9583?
3
What is the units digit of 646?
6
What is the units digit of 7965?
5
What is the hundreds digit of 1793?
7
What is the units digit of 2067?
7
What is the ten thousands digit of 25404?
2
What is the units digit of 2668?
8
What is the tens digit of 92327?
2
What is the tens digit of 59233?
3
What is the tens digit of 13704?
0
What is the tens digit of 80?
8
What is the tens digit of 533?
3
What is the tens digit of 18851?
5
What is the units digit of 129?
9
What is the ten thousands digit of 50330?
5
What is the thousands digit of 1787?
1
What is the hundreds digit of 5490?
4
What is the units digit of 111?
1
What is the units digit of 50099?
9
What is the hundreds digit of 1752?
7
What is the units digit of 2970?
0
What is the hundreds digit of 5942?
9
What is the hundreds digit of 1639?
6
What is the thousands digit of 12757?
2
What is the hundreds digit of 3949?
9
What is the thousands digit of 3249?
3
What is the thousands digit of 2511?
2
What is the thousands digit of 4052?
4
What is the units digit of 23376?
6
What is the hundreds digit of 3708?
7
What is the thousands digit of 1370?
1
What is the ten thousands digit of 44787?
4
What is the tens digit of 497?
9
What is the ten thousands digit of 17999?
1
What is the tens digit of 85?
8
What is the tens digit of 965?
6
What is the tens digit of 3555?
5
What is the units digit of 4418?
8
What is the ten thousands digit of 16913?
1
What is the tens digit of 1785?
8
What is the units digit of 2218?
8
What is the ten thousands digit of 49996?
4
What is the thousands digit of 29033?
9
What is the tens digit of 46861?
6
What is the hundreds digit of 86478?
4
What is the ten thousands digit of 10418?
1
What is the ten thousands digit of 63623?
6
What is the tens digit of 8631?
3
What is the hundreds digit of 1698?
6
What is the hundreds digit of 56603?
6
What is the hundreds digit of 1374?
3
What is the units digit of 827?
7
What is the hundreds digit of 18496?
4
What is the units digit of 111593?
3
What is the units digit of 4680?
0
What is the tens digit of 261?
6
What is the tens digit of 33?
3
What is the units digit of 136?
6
What is the tens digit of 2283?
8
What is the units digit of 1455?
5
What is the thousands digit of 14564?
4
What is the tens digit of 342?
4
What is the ten thousands digit of 61407?
6
What is the tens digit of 2302?
0
What is the tens digit of 1778?
7
What is the tens digit of 1668?
6
What is the thousands digit of 15853?
5
What is the tens digit of 2823?
2
What is the tens digit of 93581?
8
What is the hundreds digit of 1030?
0
What is the units digit of 1297?
7
What is the tens digit of 403?
0
What is the thousands digit of 1805?
1
What is the hundreds digit of 2187?
1
What is the hundreds digit of 11150?
1
What is the ten thousands digit of 76415?
7
What is the hundreds digit of 5229?
2
What is the tens digit of 2976?
7
What is the units digit of 18973?
3
What is the ten thousands digit of 24138?
2
What is the tens digit of 9131?
3
What is the units digit of 857?
7
What is the hundreds digit of 9083?
0
What is the hundreds digit of 56150?
1
What is the tens digit of 55173?
7
What is the hundreds digit of 536?
5
What is the units digit of 3807?
7
What is the thousands digit of 5543?
5
What is the tens digit of 1027?
2
What is the units digit of 90905?
5
What is the units digit of 13091?
1
What is the hundreds digit of 5281?
2
What is the units digit of 6994?
4
What is the units digit of 890?
0
What is the tens digit of 4926?
2
What is the units digit of 2047?
7
What is the thousands digit of 13783?
3
What is the tens digit of 1190?
9
What is the hundreds digit of 8713?
7
What is the thousands digit of 35867?
5
What is the thousands digit of 2842?
2
What is the hundreds digit of 109185?
1
What is the tens digit of 66373?
7
What is the tens digit of 73291?
9
What is the thousands digit of 1803?
1
What is the tens digit of 1579?
7
What is the units digit of 191395?
5
What is the thousands digit of 11231?
1
What is the hundreds digit of 6840?
8
What is the thousands digit of 64181?
4
What is the units digit of 89?
9
What is the ten thousands digit of 14600?
1
What is the hundreds digit of 1157?
1
What is the hundreds digit of 23767?
7
What is the tens digit of 1700?
0
What is the tens digit of 274?
7
What is the tens digit of 1820?
2
What is the ten thousands digit of 180755?
8
What is the hundreds digit of 7645?
6
What is the tens digit of 55?
5
What is the units digit of 1266?
6
What is the thousands digit of 1828?
1
What is the thousands digit of 1445?
1
What is the thousands digit of 117573?
7
What is the hundreds digit of 1052?
0
What is the units digit of 3734?
4
What is the units digit of 2382?
2
What is the units digit of 12936?
6
What is the units digit of 2709?
9
What is the ten thousands digit of 22988?
2
What is the tens digit of 337?
3
What is the tens digit of 9886?
8
What is the tens digit of 453?
5
What is the tens digit of 1271?
7
What is the tens digit of 830?
3
What is the hundreds digit of 255?
2
What is the ten thousands digit of 17762?
1
What is the tens digit of 6178?
7
What is the hundreds digit of 801?
8
What is the units digit of 1666?
6
What is the hundreds digit of 4491?
4
What is the tens digit of 715?
1
What is the thousands digit of 22162?
2
What is the thousands digit of 1414?
1
What is the units digit of 24153?
3
What is the ten thous